e
Suppose -51470 = -88*h + 78*h. Is h a composite number?
False
Suppose 0 = w - 1313 - 1146. Is w composite?
False
Suppose 3117 + 693 = 6*w. Let j = w - -618. Is j composite?
True
Let v(w) = 4*w - 1. Let u be v(-1). Let l be (-13)/(-2) + (-12)/8. Is ((-89)/u)/(l/25) a composite number?
False
Let p(g) = 4*g - 13. Let a be p(5). Suppose -a*b = -2561 - 5300. Is b a composite number?
False
Let n = 28 - 30. Is (n*386)/(-2) + 3 a composite number?
False
Let h(c) = c - 13. Let v be h(15). Suppose 0 = 6*u - v*u - 532. Is u composite?
True
Let a = 46 + 425. Suppose 0 = -4*q - 2*d + 4, -q - 2*d - 14 = -6*q. Suppose 5*h - q*h - a = 0. Is h prime?
True
Suppose 3*m - 1541 = -5*t, m + 0*m + 1226 = 4*t. Is t composite?
False
Let y be ((-22)/55)/((-2)/10). Suppose -3*m - 12 = 0, 5*a = y*a - m + 2255. Is a a composite number?
True
Let v(f) = 59*f - 3. Let i(h) be the second derivative of h**4/12 - 11*h**3/6 + 6*h**2 + 2*h. Let z be i(10). Is v(z) a prime number?
False
Let d = 20 - 23. Is d + 2 + 2 + 316 prime?
True
Suppose -28*h + 135482 = -249966. Is h a prime number?
False
Let j(m) = 4*m**2 - 25*m + 24. Let s(o) = -o**3 + 7*o**2 + 11. Let x be s(7). Is j(x) a composite number?
False
Suppose -5*g - 1 = -31. Is ((-1814)/g)/(2/(-6)) a prime number?
True
Suppose -7*w + 15*w - 136 = 0. Is 6/(1*-2) + w + 1073 composite?
False
Let l = 83 - 78. Suppose -5928 = -l*g + 1957. Is g a composite number?
True
Let w = -18190 - -29013. Is w prime?
False
Let o = 34807 + -20756. Is o composite?
False
Let x be (-38)/(-4) + 2/(-4). Is (6/x)/((-2)/(-2451)) composite?
True
Let y = 12819 - 7622. Is y a prime number?
True
Let x = 14 - 13. Let l(t) = 2*t**2 + 3*t + 2. Let p be l(-2). Is (p/8)/(x/134) a composite number?
False
Suppose -3*b = -5*f + 171 + 129, -5*f + 205 = -2*b. Let g = 84 + -52. Let m = g - b. Is m prime?
True
Let d be 9*(-5)/(-15)*1. Suppose -3336 = -4*t - 4*a, -5*t + t = d*a - 3333. Is t a prime number?
False
Let l be 2820/45*(-45)/2. Let i = l + 3805. Is i prime?
False
Suppose 5*q - 12 = 4*v - 0*q, 4 = -2*v + 2*q. Suppose -v*m + 70 + 328 = 0. Is m a prime number?
True
Let p(c) = c**3 + 2*c**2 + 24*c + 353. Is p(42) prime?
True
Let n = -6 + 9. Suppose 5*h - n*f = -632, -4*f - 219 = 4*h + 293. Let d = 206 + h. Is d a prime number?
True
Let s = -3668 + 5467. Is s a prime number?
False
Let w(o) = -o**2 + 9*o. Let s be w(7). Let a = s + 30. Suppose d - 50 = 2*t + t, d + 3*t - a = 0. Is d a composite number?
False
Suppose 182 + 566 = 2*k. Suppose -7*d = p - 3*d - 13, 0 = 2*d - 4. Suppose -p*s + k = -11. Is s prime?
False
Let u = 222 - -224. Is u prime?
False
Let c(m) = 452*m + 8. Let a be c(4). Suppose -a = -4*o + 132. Is o a prime number?
True
Suppose 0 = -2*l + 6 + 4. Suppose -l*f = -m + 1346, -431 = -m - 5*f + 945. Is m composite?
False
Is -2 - (-7)/(49/26887) a composite number?
True
Suppose -5*r + 2*c = c - 63300, -25298 = -2*r - 4*c. Is r composite?
False
Let o be (-17 - -19)/(-1 - -2). Is o/16 - (-64337)/56 a composite number?
True
Let z(t) = -2*t**3 - 38*t**2 - 62*t - 13. Is z(-20) composite?
False
Let f be (-16)/(-20) - (-12)/(-15). Suppose 3*a + 0*a - 39 = f. Suppose 17*b - 424 = a*b. Is b a composite number?
True
Suppose -3*i - 2*d = -36930 - 7471, -2*d = -10. Is i a prime number?
True
Suppose 2*d = 2*l + 3*l - 15, -3*l + 10 = -d. Suppose -3*r - 3 = r - n, l*n = -4*r - 33. Is -1 + 4 - 46/r prime?
False
Let z(w) = w. Let l be z(-1). Let k(v) = -579*v**3 + v**2 - 1. Is k(l) a prime number?
False
Suppose 121574 = -66*o + 1199552. Is o composite?
False
Let h = -2306 + 4195. Is h prime?
True
Let x(q) = 120*q + 151. Is x(8) a prime number?
False
Let f(j) = -75*j + 115*j + 6 - 9 + 94*j. Is f(1) prime?
True
Let d = 17601 + -7732. Is d prime?
False
Suppose 0 = 4*q - 7 - 5. Suppose 616 + 23 = q*l. Suppose 3*z - l = -0*z. Is z a composite number?
False
Let d(v) = 4*v**2 + 11*v + 18. Let g(x) = -x**2 - 1. Let n(w) = -d(w) - 5*g(w). Let p be n(13). Suppose -p*h + 18*h - 785 = 0. Is h a prime number?
True
Suppose 4*k = 5*k + 5*g - 13848, 69219 = 5*k + 4*g. Is k a composite number?
True
Suppose -385720 = -39*q + 348143. Is q a prime number?
False
Let b(u) be the first derivative of 3*u**4/2 + u**3/3 - u - 20. Is b(2) prime?
False
Let v = 1615 + 222. Is v composite?
True
Let n = 9611 - 4509. Is n composite?
True
Suppose -4*z + 1433 = t, 2*z + 0*z = -5*t + 703. Let w = z - 64. Is w a composite number?
True
Let t be (6/2 + -5)*326. Is -3*(5 + -6)/((-12)/t) a prime number?
True
Let b(w) = w**2 - 4*w - 3. Let f be b(5). Suppose 0*v + f*v = 2942. Is v a composite number?
False
Let m be 8/(-2)*(-1005)/(-12). Let g = 44 - m. Is g a composite number?
False
Let a(v) = -v**2 - 4*v - 1. Let p be a(-6). Let t be p + (-8 - -4) - -4. Let w(b) = 2*b**2 + 13*b + 22. Is w(t) a prime number?
True
Let d(l) = -l - 7. Let u be d(-7). Suppose 4*m - 2*z - 2 = 0, 2*m + 3*z - 15 + 2 = u. Suppose 201 = m*h - h. Is h prime?
False
Is ((-39868)/20)/(5/50*-2) prime?
True
Suppose 18 = 4*n - 2*y, n + 0*y = -2*y - 3. Suppose -n*o + 4*c = 0, -o + c = -4*o + 15. Suppose 0*g + 286 = 2*t + o*g, -304 = -2*t + 2*g. Is t prime?
True
Is (2241 + 3)/4 + -4 composite?
False
Is (-22990)/(-4) - 74/148 a prime number?
False
Suppose 141*k = 151*k - 301850. Is k prime?
False
Let s(v) be the second derivative of 139*v**3/6 - 2*v**2 + 25*v. Is s(5) composite?
False
Suppose -3*k + 1834 = -5*k. Let o = k + 3252. Is o a composite number?
True
Let p = -3093 + 6240. Is p a prime number?
False
Suppose -4*m + 4*c = -35956, 0 = 4*m + 4*c + 409 - 36365. Is m a prime number?
False
Suppose 8*o = 96 - 24. Let l be (-2 - -3) + (2 - 9). Is o/6 + (-1155)/l a composite number?
True
Let h be 2 + (-7)/((-28)/15048). Suppose -h = -10*b + 6*b. Is b a prime number?
True
Let c be (-6)/(-21) + 99924/28. Let r = -2538 + c. Is r a composite number?
False
Let a be 4/20 + 26/(-5). Let s(v) = 20*v**2 + 4*v - 1. Is s(a) a composite number?
False
Let x(m) be the first derivative of -407*m**4/2 + 2*m**3/3 + 3*m**2/2 + 2*m - 18. Is x(-1) a prime number?
False
Suppose 3 = -q + 1. Let f be (-64)/(1/q*-2). Let u = 138 + f. Is u prime?
False
Let w(a) = a**3 + 5*a**2 + 7*a - 1. Let g be w(-6). Let p = 53 + g. Let l = p + 123. Is l a composite number?
False
Suppose 5*x + m = 2709, 0*m = -4*x + 4*m + 2148. Suppose 221 = 2*f - x. Is f composite?
True
Let r = 4348 - 2519. Is r prime?
False
Let o(b) = b**2 + 3*b + 4. Let u be o(-5). Suppose -n + u = -3*f, -4*n - 18 = -n + 3*f. Is (-2 + 1)/(n/667) a composite number?
True
Suppose 0 = 2*x + 6*q - q - 13, 3*q - 7 = -x. Let v = 89 - 87. Suppose 46 = x*l - v*l. Is l prime?
True
Let n be 18/(-42) + 3643/7. Suppose n + 646 = 2*g. Is g prime?
False
Let h(o) = o**2 + 50*o - 281. Is h(-60) composite?
True
Let j = -8372 + 15661. Is j a composite number?
True
Suppose 3*p - p - 16 = -4*n, 2*p + 20 = 5*n. Suppose -n*b + 1411 = -77. Let y = 1073 - b. Is y prime?
True
Let p(h) be the second derivative of -5*h + 0 + 1/2*h**2 + 2/3*h**4 + 1/20*h**5 - 4/3*h**3. Is p(-7) prime?
False
Suppose -650*u = -653*u + 12. Let o = -198 + 901. Suppose -u*d = -o + 107. Is d composite?
False
Let x(p) = p**3 - 13*p**2 - 38*p + 13. Is x(20) composite?
False
Suppose 202*s - 191*s - 88583 = 0. Is s prime?
True
Let y be 4*(-61)/(-8)*2. Let h = -16 - 24. Let n = y + h. Is n a prime number?
False
Let s(x) = 41*x**2 + 2*x + 1. Suppose -3*i + l = -5*i + 5, -5*i + 5*l = -20. Suppose 3*o = -9 + i. Is s(o) prime?
False
Suppose 0 = 5*n + l + 4668, 3*n + 523 = 4*l - 2287. Let o = n - -1953. Is o prime?
True
Suppose 3*f + 2 + 4 = 4*a, -2*a + 3*f + 6 = 0. Let m(q) = -q**3 - q**2 + 2073. Is m(a) prime?
False
Let x(h) = -3*h - 30. Let s be x(-9). Is (-2954)/s*48/32 composite?
True
Let d = 748 + -1092. Let v = 658 + d. Is v/10 + 6/(-15) prime?
True
Suppose 5354 = -4*m - 3*q - 0*q, 4*m - 3*q = -5366. Let b = m - -817. Let x = b + 732. Is x composite?
True
Suppose -6*d + 7*d - 15 = 0. Let a(w) = 150*w - 41. Is a(d) a composite number?
True
Let s(i) = -i**2 + 6*i - 6. Let a be s(4). Let n be a*(3 + -372)/(-3). Is 3*(-4 + 5) + n a composite number?
True
Let u(d) = -2*d + 2*d**2 + 6*d + 21 - 12 - 8*d**2 + 6*d**3. Is u(7) a composite number?
False
Let a(b) = -872*b - 17. Let p(i) = -2616*i - 52. Let m(l) = -7*a(l) + 2*p(l). Is m(2) composite?
False
Let s = 29 - 24. Sup